{"id":1069,"date":"2014-10-05T20:53:51","date_gmt":"2014-10-05T19:53:51","guid":{"rendered":"http:\/\/helenahenneken.com\/?page_id=1069"},"modified":"2021-02-28T13:06:17","modified_gmt":"2021-02-28T12:06:17","slug":"me","status":"publish","type":"page","link":"https:\/\/helenahenneken.com\/?page_id=1069","title":{"rendered":"HELENA"},"content":{"rendered":"\n<div class=\"wp-block-image\"><figure class=\"aligncenter size-large\"><img loading=\"lazy\" width=\"2560\" height=\"1707\" src=\"http:\/\/helenahenneken.com\/wp-content\/uploads\/2020\/12\/2020_Helena-Henneken_by_Benjamin-Nadjib-scaled.jpg\" alt=\"Foto von Helena Henneken\" class=\"wp-image-2149\" srcset=\"https:\/\/helenahenneken.com\/wp-content\/uploads\/2020\/12\/2020_Helena-Henneken_by_Benjamin-Nadjib-scaled.jpg 2560w, https:\/\/helenahenneken.com\/wp-content\/uploads\/2020\/12\/2020_Helena-Henneken_by_Benjamin-Nadjib-2048x1366.jpg 2048w, https:\/\/helenahenneken.com\/wp-content\/uploads\/2020\/12\/2020_Helena-Henneken_by_Benjamin-Nadjib-768x512.jpg 768w, https:\/\/helenahenneken.com\/wp-content\/uploads\/2020\/12\/2020_Helena-Henneken_by_Benjamin-Nadjib-1536x1024.jpg 1536w, https:\/\/helenahenneken.com\/wp-content\/uploads\/2020\/12\/2020_Helena-Henneken_by_Benjamin-Nadjib-1920x1280.jpg 1920w\" sizes=\"(max-width: 2560px) 100vw, 2560px\" \/><\/figure><\/div>\n\n\n<p><span style=\"color: #000000;\"><div class=\"row-fluid\"><div class=\"span6\"><\/span><\/p>\n<p><span style=\"color: #000000;\">I work as a freelance creative coach, facilitator and author.<\/span><\/p>\n<p><span style=\"color: #000000;\">My ultimate source of inspiration in everything I do: Human encounters. Stories of life. At home and throughout the world. I love to discover and share them \u2013 and I love to blur boundaries, build bridges and connect different ideas, perspectives and minds across places, cultures and realities.<\/span><\/p>\n<p><span style=\"color: #000000;\">That\u2019s why I\u2019ve dedicated my website to them.<\/span><\/p>\n<p><span style=\"color: #000000;\">That\u2019s what inspires my podcast <a style=\"color: #000000;\" href=\"https:\/\/fuer-ida.co\/\" target=\"_blank\" rel=\"noopener\"><span class=\"s1\">F\u00dcR iDA<\/span><\/a>, my first book\u00a0<a style=\"color: #000000;\" href=\"http:\/\/en.theywouldrock.com\/\" target=\"_blank\" rel=\"noopener\"><span class=\"s1\">they\u00a0would rock &#8211; 59 days in Iran<\/span><\/a>, and my \u201calter ego\u201d-character <a style=\"color: #000000;\" href=\"http:\/\/www.helidapsi.com\/\" target=\"_blank\" rel=\"noopener\"><span class=\"s1\">helidapsi<\/span><\/a>.<\/span><\/p>\n<p class=\"p1\">That\u2019s what drives me to venture off again and again on journeys of inner and outer exploration \u2013 and probably also made me leave my settled life in Germany for good in 2016.<\/p>\n<p class=\"p1\">That\u2019s what has given me the opportunity to deeply explore the creative power of human encounters \u2013 with oneself and \u201cthe other\u201d \u2013 as well as individual and collective transition processes.<\/p>\n<p class=\"p1\">And: that\u2019s what drives my work across projects, areas, topics and regions.<\/p>\n<p class=\"p1\">As an author, I create communication ideas, concepts and formats: inspirational talks, keynotes, audios, texts, visuals, stories, platforms, spaces\u2026 and sometimes: I also lend my voice.<\/p>\n<p class=\"p1\">As a creative coach and facilitator, I enable individuals, teams and organizations in transition and (social) innovation processes to actualize potential and embrace change: to co-discover, co-create and co-realize ideas and innovations for themselves, people, society and business, e.g. through coachings, creative workshops, activating experiences, team development, learning journeys and experiments, social art forms and awareness practices.<\/p>\n<p><span style=\"color: #000000; font-size: inherit;\">Please find more about my podcast F\u00dcR iDA. <\/span><a style=\"color: #000000;\" href=\"https:\/\/fuer-ida.co\/\" target=\"_blank\" rel=\"noopener noreferrer\">here<\/a><span style=\"color: #000000; font-size: inherit;\">, about my book they would rock &#8211; 59 days in Iran <\/span><a style=\"color: #000000;\" title=\"they would rock\" href=\"http:\/\/en.theywouldrock.com\/\" target=\"_blank\" rel=\"noopener noreferrer\">here<\/a><span style=\"color: #000000; font-size: inherit;\">, about my <span style=\"color: #000000;\">\u201calter ego\u201d<\/span><span style=\"color: #000000;\">-character<\/span> helidapsi <\/span><a style=\"color: #000000;\" title=\"helidapsi\" href=\"http:\/\/www.helidapsi.com\/\" target=\"_blank\" rel=\"noopener noreferrer\">here<\/a><span style=\"color: #000000; font-size: inherit;\">. And all in all about my expertise: on <\/span><a style=\"color: #000000;\" href=\"https:\/\/www.linkedin.com\/in\/helena-henneken-6314693\/\" target=\"_blank\" rel=\"noopener noreferrer\">LinkedIn<\/a><span style=\"color: #000000; font-size: inherit;\">, <\/span><a style=\"color: #000000;\" href=\"https:\/\/www.xing.com\/profile\/Helena_Henneken\/cv\" target=\"_blank\" rel=\"noopener noreferrer\">xing<\/a><span style=\"color: #000000; font-size: inherit;\">\u00a0or to\u00a0<\/span><a style=\"color: #000000;\" title=\"CV\" href=\"http:\/\/helenahenneken.com\/wp-content\/uploads\/2021\/02\/2021_HelenaHenneken_E.pdf\" target=\"_blank\" rel=\"noopener noreferrer\">download<\/a><span style=\"color: #000000; font-size: inherit;\">.<\/span><\/p>\n<p class=\"p1\">Interested to connect?<\/p>\n<a href=\"http:\/\/helenahenneken.com\/?page_id=1390\" class=\"button button-yellow\">CONTACT<\/a>\n<p><span style=\"color: #000000;\">Looking forward to more encounters \u2013 to inspiring questions and exchange!<\/span><\/p>\n<p><span style=\"color: #000000;\"><\/div><div class=\"span6\"><\/span><\/p>\n<p><span style=\"color: #000000;\">Ich arbeite freiberuflich als Creative Coach, Facilitator und Autorin.<\/span><\/p>\n<p><span style=\"color: #000000;\">Meine gr\u00f6\u00dfte Inspirationsquelle in allem, was ich tue: Begegnungen. Geschichten des Lebens. Zuhause und in der ganzen Welt. Ich liebe es, diese zu entdecken und zu teilen \u2013 Grenzen aufzul\u00f6sen, Br\u00fccken zu bauen und unterschiedlichste Ideen, Perspektiven und Gedanken \u00fcber Orte, Kulturen und Realit\u00e4ten hinweg zu verkn\u00fcpfen.<\/span><\/p>\n<p><span style=\"color: #000000;\">Deshalb habe ich ihnen diese Website gewidmet.<\/span><\/p>\n<p><span style=\"color: #000000;\">Sie inspirieren meinen Podcast\u00a0<a style=\"color: #000000;\" href=\"https:\/\/fuer-ida.co\/\" target=\"_blank\" rel=\"noopener\">F\u00dcR iDA<\/a>, mein erstes Buch\u00a0<a style=\"color: #000000;\" href=\"http:\/\/www.theywouldrock.com\/\" target=\"_blank\" rel=\"noopener\">they would rock \u2013 59 Tage Iran<\/a> und meine \u201eAlter Ego\u201c-Figur <a style=\"color: #000000;\" href=\"http:\/\/www.helidapsi.com\/\" target=\"_blank\" rel=\"noopener\">helidapsi<\/a>.<\/span><\/p>\n<p><span style=\"color: #000000;\">Sie motivieren mich, immer wieder aufzubrechen, auf \u00e4u\u00dfere und innere Reisen zu gehen \u2013 und sind wohl auch der Grund, warum ich mein Leben in Deutschland 2016 endg\u00fcltig eingepackt habe und losgezogen bin.<\/span><\/p>\n<p><span style=\"color: #000000;\">Sie erm\u00f6glichen mir immer wieder, das kreative Potenzial von Begegnungen \u2013 mit sich selbst und \u201edem Anderen\u201c \u2013 sowie von individuellen und kollektiven Ver\u00e4nderungsprozessen in diversen Kontexten zu ergr\u00fcnden.<\/span><\/p>\n<p><span style=\"color: #000000;\">Und: treiben meine projekt-, themen- und regions\u00fcbergreifende Arbeit an.<\/span><\/p>\n<p><span style=\"color: #000000;\">Als Autorin entwickle ich Kommunikationsideen, -konzepte und -formate: inspirierende Vortr\u00e4ge, Impulse, Audios, Texte, Visuals, Geschichten, Plattformen, R\u00e4ume\u2026 und manchmal: verleihe ich auch meine Stimme.<\/span><\/p>\n<p><span style=\"color: #000000;\">Als Creative Coach und Facilitator unterst\u00fctze ich Einzelpersonen, Teams und Organisationen in Ver\u00e4nderungs- und (sozialen) Innovationsprozessen darin, den Wandel und das Neue, die Potenziale und Chancen darin zu erkennen und zu verwirklichen: gemeinsam Ideen und Innovationen f\u00fcr sich selbst, f\u00fcr andere, f\u00fcr Gesellschaft und Wirtschaft zu entwickeln und umzusetzen. U.a. durch Coachings, kreative Workshops, Erlebnisse, Team-Entwicklung, \u201eLearning Journeys\u201c und Experimente,\u00a0\u201eSocial Art Forms\u201c und Achtsamkeitspraktiken.<\/span><\/p>\n<p><span style=\"color: #000000;\">Mehr zu meinem Podcast F\u00dcR iDA. gibt es\u00a0<a style=\"color: #000000;\" href=\"https:\/\/fuer-ida.co\/\" target=\"_blank\" rel=\"noopener\">hier<\/a>, zu meinem Buch they would rock \u2013 59 Tage Iran\u00a0<a style=\"color: #000000;\" href=\"http:\/\/www.theywouldrock.com\/\" target=\"_blank\" rel=\"noopener\">hier<\/a>, zu meiner \u201eAlter Ego\u201c-Figur helidapsi <a style=\"color: #000000;\" href=\"http:\/\/www.helidapsi.com\/\" target=\"_blank\" rel=\"noopener\">hier<\/a>. Und insgesamt zu meiner Arbeit: auf\u00a0<a style=\"color: #000000;\" href=\"https:\/\/www.linkedin.com\/in\/helena-henneken-6314693\/\" target=\"_blank\" rel=\"noopener\">LinkedIn<\/a>,\u00a0<a style=\"color: #000000;\" href=\"https:\/\/www.xing.com\/profile\/Helena_Henneken\/cv\" target=\"_blank\" rel=\"noopener\">xing<\/a>\u00a0oder hier zum\u00a0<a style=\"color: #000000;\" href=\"http:\/\/helenahenneken.com\/wp-content\/uploads\/2021\/02\/2021_HelenaHenneken_D.pdf\" target=\"_blank\" rel=\"noopener\">Download<\/a>.<\/span><\/p>\n<p><span style=\"color: #000000;\">Interesse an einer Begegnung? Austausch? Zusammenarbeit?<\/span><\/p>\n<a href=\"http:\/\/helenahenneken.com\/?page_id=1390\" class=\"button button-yellow\">KONTAKT<\/a>\n<p><span style=\"color: #000000;\">Ich freue mich auf viele weitere Begegnungen \u2013 inspirierende Fragen und Austausch!<\/span><\/p>\n<p><em id=\"__mceDel\" style=\"color: #000000; font-size: inherit;\"><\/div><\/div><\/em><\/span><\/p>\n<p><em><span style=\"color: #000000;\">Foto: <\/span><a title=\"Benjamin Nadjib | digitalsalat\" href=\"http:\/\/www.digitalsalat.de\" target=\"_blank\" rel=\"noopener noreferrer\"><span style=\"color: #000000;\">Benjamin Nadjib | digitalsalat<\/span><\/a><\/em><\/p>","protected":false},"excerpt":{"rendered":"<p>Foto: Benjamin Nadjib | digitalsalat<\/p>\n","protected":false},"author":1,"featured_media":0,"parent":0,"menu_order":0,"comment_status":"closed","ping_status":"closed","template":"template-full-width.php","meta":[],"yoast_head":"<!-- This site is optimized with the Yoast SEO plugin v16.6.1 - https:\/\/yoast.com\/wordpress\/plugins\/seo\/ -->\n<meta name=\"robots\" content=\"index, follow, max-snippet:-1, max-image-preview:large, max-video-preview:-1\" \/>\n<link rel=\"canonical\" href=\"https:\/\/helenahenneken.com\/?page_id=1069\" \/>\n<meta property=\"og:locale\" content=\"de_DE\" \/>\n<meta property=\"og:type\" content=\"article\" \/>\n<meta property=\"og:title\" content=\"HELENA - HELENA HENNEKEN\" \/>\n<meta property=\"og:description\" content=\"Foto: Benjamin Nadjib | digitalsalat\" \/>\n<meta property=\"og:url\" content=\"https:\/\/helenahenneken.com\/?page_id=1069\" \/>\n<meta property=\"og:site_name\" content=\"HELENA HENNEKEN\" \/>\n<meta property=\"article:modified_time\" content=\"2021-02-28T12:06:17+00:00\" \/>\n<meta property=\"og:image\" content=\"http:\/\/helenahenneken.com\/wp-content\/uploads\/2020\/12\/2020_Helena-Henneken_by_Benjamin-Nadjib-scaled.jpg\" \/>\n<meta name=\"twitter:card\" content=\"summary_large_image\" \/>\n<meta name=\"twitter:label1\" content=\"Gesch\u00e4tzte Lesezeit\" \/>\n\t<meta name=\"twitter:data1\" content=\"3\u00a0Minuten\" \/>\n<script type=\"application\/ld+json\" class=\"yoast-schema-graph\">{\"@context\":\"https:\/\/schema.org\",\"@graph\":[{\"@type\":\"WebSite\",\"@id\":\"https:\/\/helenahenneken.com\/#website\",\"url\":\"https:\/\/helenahenneken.com\/\",\"name\":\"HELENA HENNEKEN\",\"description\":\"\",\"potentialAction\":[{\"@type\":\"SearchAction\",\"target\":{\"@type\":\"EntryPoint\",\"urlTemplate\":\"https:\/\/helenahenneken.com\/?s={search_term_string}\"},\"query-input\":\"required name=search_term_string\"}],\"inLanguage\":\"de\"},{\"@type\":\"ImageObject\",\"@id\":\"https:\/\/helenahenneken.com\/?page_id=1069#primaryimage\",\"inLanguage\":\"de\",\"url\":\"http:\/\/helenahenneken.com\/wp-content\/uploads\/2020\/12\/2020_Helena-Henneken_by_Benjamin-Nadjib-scaled.jpg\",\"contentUrl\":\"http:\/\/helenahenneken.com\/wp-content\/uploads\/2020\/12\/2020_Helena-Henneken_by_Benjamin-Nadjib-scaled.jpg\"},{\"@type\":\"WebPage\",\"@id\":\"https:\/\/helenahenneken.com\/?page_id=1069#webpage\",\"url\":\"https:\/\/helenahenneken.com\/?page_id=1069\",\"name\":\"HELENA - HELENA HENNEKEN\",\"isPartOf\":{\"@id\":\"https:\/\/helenahenneken.com\/#website\"},\"primaryImageOfPage\":{\"@id\":\"https:\/\/helenahenneken.com\/?page_id=1069#primaryimage\"},\"datePublished\":\"2014-10-05T19:53:51+00:00\",\"dateModified\":\"2021-02-28T12:06:17+00:00\",\"breadcrumb\":{\"@id\":\"https:\/\/helenahenneken.com\/?page_id=1069#breadcrumb\"},\"inLanguage\":\"de\",\"potentialAction\":[{\"@type\":\"ReadAction\",\"target\":[\"https:\/\/helenahenneken.com\/?page_id=1069\"]}]},{\"@type\":\"BreadcrumbList\",\"@id\":\"https:\/\/helenahenneken.com\/?page_id=1069#breadcrumb\",\"itemListElement\":[{\"@type\":\"ListItem\",\"position\":1,\"name\":\"Startseite\",\"item\":\"https:\/\/helenahenneken.com\/\"},{\"@type\":\"ListItem\",\"position\":2,\"name\":\"HELENA\"}]}]}<\/script>\n<!-- \/ Yoast SEO plugin. -->","_links":{"self":[{"href":"https:\/\/helenahenneken.com\/index.php?rest_route=\/wp\/v2\/pages\/1069"}],"collection":[{"href":"https:\/\/helenahenneken.com\/index.php?rest_route=\/wp\/v2\/pages"}],"about":[{"href":"https:\/\/helenahenneken.com\/index.php?rest_route=\/wp\/v2\/types\/page"}],"author":[{"embeddable":true,"href":"https:\/\/helenahenneken.com\/index.php?rest_route=\/wp\/v2\/users\/1"}],"replies":[{"embeddable":true,"href":"https:\/\/helenahenneken.com\/index.php?rest_route=%2Fwp%2Fv2%2Fcomments&post=1069"}],"version-history":[{"count":38,"href":"https:\/\/helenahenneken.com\/index.php?rest_route=\/wp\/v2\/pages\/1069\/revisions"}],"predecessor-version":[{"id":2406,"href":"https:\/\/helenahenneken.com\/index.php?rest_route=\/wp\/v2\/pages\/1069\/revisions\/2406"}],"wp:attachment":[{"href":"https:\/\/helenahenneken.com\/index.php?rest_route=%2Fwp%2Fv2%2Fmedia&parent=1069"}],"curies":[{"name":"wp","href":"https:\/\/api.w.org\/{rel}","templated":true}]}}

<div class="wp-block-image"><figure class="aligncenter size-large"><img loading="lazy" width="2560" height="1707" src="http://helenahenneken.com/wp-content/uploads/2020/12/2020_Helena-Henneken_by_Benjamin-Nadjib-scaled.jpg" alt="Foto von Helena Henneken" class="wp-image-2149" srcset="https://helenahenneken.com/wp-content/uploads/2020/12/2020_Helena-Henneken_by_Benjamin-Nadjib-scaled.jpg 2560w, https://helenahenneken.com/wp-content/uploads/2020/12/2020_Helena-Henneken_by_Benjamin-Nadjib-2048x1366.jpg 2048w, https://helenahenneken.com/wp-content/uploads/2020/12/2020_Helena-Henneken_by_Benjamin-Nadjib-768x512.jpg 768w, https://helenahenneken.com/wp-content/uploads/2020/12/2020_Helena-Henneken_by_Benjamin-Nadjib-1536x1024.jpg 1536w, https://helenahenneken.com/wp-content/uploads/2020/12/2020_Helena-Henneken_by_Benjamin-Nadjib-1920x1280.jpg 1920w" sizes="(max-width: 2560px) 100vw, 2560px" /></figure></div>


<p><span style="color: #000000;"><div class="row-fluid"><div class="span6"></span></p>
<p><span style="color: #000000;">I work as a freelance creative coach, facilitator and author.</span></p>
<p><span style="color: #000000;">My ultimate source of inspiration in everything I do: Human encounters. Stories of life. At home and throughout the world. I love to discover and share them – and I love to blur boundaries, build bridges and connect different ideas, perspectives and minds across places, cultures and realities.</span></p>
<p><span style="color: #000000;">That’s why I’ve dedicated my website to them.</span></p>
<p><span style="color: #000000;">That’s what inspires my podcast <a style="color: #000000;" href="https://fuer-ida.co/" target="_blank" rel="noopener"><span class="s1">FÜR iDA</span></a>, my first book <a style="color: #000000;" href="http://en.theywouldrock.com/" target="_blank" rel="noopener"><span class="s1">they would rock &#8211; 59 days in Iran</span></a>, and my “alter ego”-character <a style="color: #000000;" href="http://www.helidapsi.com/" target="_blank" rel="noopener"><span class="s1">helidapsi</span></a>.</span></p>
<p class="p1">That’s what drives me to venture off again and again on journeys of inner and outer exploration – and probably also made me leave my settled life in Germany for good in 2016.</p>
<p class="p1">That’s what has given me the opportunity to deeply explore the creative power of human encounters – with oneself and “the other” – as well as individual and collective transition processes.</p>
<p class="p1">And: that’s what drives my work across projects, areas, topics and regions.</p>
<p class="p1">As an author, I create communication ideas, concepts and formats: inspirational talks, keynotes, audios, texts, visuals, stories, platforms, spaces… and sometimes: I also lend my voice.</p>
<p class="p1">As a creative coach and facilitator, I enable individuals, teams and organizations in transition and (social) innovation processes to actualize potential and embrace change: to co-discover, co-create and co-realize ideas and innovations for themselves, people, society and business, e.g. through coachings, creative workshops, activating experiences, team development, learning journeys and experiments, social art forms and awareness practices.</p>
<p><span style="color: #000000; font-size: inherit;">Please find more about my podcast FÜR iDA. </span><a style="color: #000000;" href="https://fuer-ida.co/" target="_blank" rel="noopener noreferrer">here</a><span style="color: #000000; font-size: inherit;">, about my book they would rock &#8211; 59 days in Iran </span><a style="color: #000000;" title="they would rock" href="http://en.theywouldrock.com/" target="_blank" rel="noopener noreferrer">here</a><span style="color: #000000; font-size: inherit;">, about my <span style="color: #000000;">“alter ego”</span><span style="color: #000000;">-character</span> helidapsi </span><a style="color: #000000;" title="helidapsi" href="http://www.helidapsi.com/" target="_blank" rel="noopener noreferrer">here</a><span style="color: #000000; font-size: inherit;">. And all in all about my expertise: on </span><a style="color: #000000;" href="https://www.linkedin.com/in/helena-henneken-6314693/" target="_blank" rel="noopener noreferrer">LinkedIn</a><span style="color: #000000; font-size: inherit;">, </span><a style="color: #000000;" href="https://www.xing.com/profile/Helena_Henneken/cv" target="_blank" rel="noopener noreferrer">xing</a><span style="color: #000000; font-size: inherit;"> or to </span><a style="color: #000000;" title="CV" href="http://helenahenneken.com/wp-content/uploads/2021/02/2021_HelenaHenneken_E.pdf" target="_blank" rel="noopener noreferrer">download</a><span style="color: #000000; font-size: inherit;">.</span></p>
<p class="p1">Interested to connect?</p>
<a href="http://helenahenneken.com/?page_id=1390" class="button button-yellow">CONTACT</a>
<p><span style="color: #000000;">Looking forward to more encounters – to inspiring questions and exchange!</span></p>
<p><span style="color: #000000;"></div><div class="span6"></span></p>
<p><span style="color: #000000;">Ich arbeite freiberuflich als Creative Coach, Facilitator und Autorin.</span></p>
<p><span style="color: #000000;">Meine größte Inspirationsquelle in allem, was ich tue: Begegnungen. Geschichten des Lebens. Zuhause und in der ganzen Welt. Ich liebe es, diese zu entdecken und zu teilen – Grenzen aufzulösen, Brücken zu bauen und unterschiedlichste Ideen, Perspektiven und Gedanken über Orte, Kulturen und Realitäten hinweg zu verknüpfen.</span></p>
<p><span style="color: #000000;">Deshalb habe ich ihnen diese Website gewidmet.</span></p>
<p><span style="color: #000000;">Sie inspirieren meinen Podcast <a style="color: #000000;" href="https://fuer-ida.co/" target="_blank" rel="noopener">FÜR iDA</a>, mein erstes Buch <a style="color: #000000;" href="http://www.theywouldrock.com/" target="_blank" rel="noopener">they would rock – 59 Tage Iran</a> und meine „Alter Ego“-Figur <a style="color: #000000;" href="http://www.helidapsi.com/" target="_blank" rel="noopener">helidapsi</a>.</span></p>
<p><span style="color: #000000;">Sie motivieren mich, immer wieder aufzubrechen, auf äußere und innere Reisen zu gehen – und sind wohl auch der Grund, warum ich mein Leben in Deutschland 2016 endgültig eingepackt habe und losgezogen bin.</span></p>
<p><span style="color: #000000;">Sie ermöglichen mir immer wieder, das kreative Potenzial von Begegnungen – mit sich selbst und „dem Anderen“ – sowie von individuellen und kollektiven Veränderungsprozessen in diversen Kontexten zu ergründen.</span></p>
<p><span style="color: #000000;">Und: treiben meine projekt-, themen- und regionsübergreifende Arbeit an.</span></p>
<p><span style="color: #000000;">Als Autorin entwickle ich Kommunikationsideen, -konzepte und -formate: inspirierende Vorträge, Impulse, Audios, Texte, Visuals, Geschichten, Plattformen, Räume… und manchmal: verleihe ich auch meine Stimme.</span></p>
<p><span style="color: #000000;">Als Creative Coach und Facilitator unterstütze ich Einzelpersonen, Teams und Organisationen in Veränderungs- und (sozialen) Innovationsprozessen darin, den Wandel und das Neue, die Potenziale und Chancen darin zu erkennen und zu verwirklichen: gemeinsam Ideen und Innovationen für sich selbst, für andere, für Gesellschaft und Wirtschaft zu entwickeln und umzusetzen. U.a. durch Coachings, kreative Workshops, Erlebnisse, Team-Entwicklung, „Learning Journeys“ und Experimente, „Social Art Forms“ und Achtsamkeitspraktiken.</span></p>
<p><span style="color: #000000;">Mehr zu meinem Podcast FÜR iDA. gibt es <a style="color: #000000;" href="https://fuer-ida.co/" target="_blank" rel="noopener">hier</a>, zu meinem Buch they would rock – 59 Tage Iran <a style="color: #000000;" href="http://www.theywouldrock.com/" target="_blank" rel="noopener">hier</a>, zu meiner „Alter Ego“-Figur helidapsi <a style="color: #000000;" href="http://www.helidapsi.com/" target="_blank" rel="noopener">hier</a>. Und insgesamt zu meiner Arbeit: auf <a style="color: #000000;" href="https://www.linkedin.com/in/helena-henneken-6314693/" target="_blank" rel="noopener">LinkedIn</a>, <a style="color: #000000;" href="https://www.xing.com/profile/Helena_Henneken/cv" target="_blank" rel="noopener">xing</a> oder hier zum <a style="color: #000000;" href="http://helenahenneken.com/wp-content/uploads/2021/02/2021_HelenaHenneken_D.pdf" target="_blank" rel="noopener">Download</a>.</span></p>
<p><span style="color: #000000;">Interesse an einer Begegnung? Austausch? Zusammenarbeit?</span></p>
<a href="http://helenahenneken.com/?page_id=1390" class="button button-yellow">KONTAKT</a>
<p><span style="color: #000000;">Ich freue mich auf viele weitere Begegnungen – inspirierende Fragen und Austausch!</span></p>
<p><em id="__mceDel" style="color: #000000; font-size: inherit;"></div></div></em></span></p>
<p><em><span style="color: #000000;">Foto: </span><a title="Benjamin Nadjib | digitalsalat" href="http://www.digitalsalat.de" target="_blank" rel="noopener noreferrer"><span style="color: #000000;">Benjamin Nadjib | digitalsalat</span></a></em></p>

<!-- This site is optimized with the Yoast SEO plugin v16.6.1 - https://yoast.com/wordpress/plugins/seo/ -->
<meta name="robots" content="index, follow, max-snippet:-1, max-image-preview:large, max-video-preview:-1" />
<link rel="canonical" href="https://helenahenneken.com/?page_id=1069" />
<meta property="og:locale" content="de_DE" />
<meta property="og:type" content="article" />
<meta property="og:title" content="HELENA - HELENA HENNEKEN" />
<meta property="og:description" content="Foto: Benjamin Nadjib | digitalsalat" />
<meta property="og:url" content="https://helenahenneken.com/?page_id=1069" />
<meta property="og:site_name" content="HELENA HENNEKEN" />
<meta property="article:modified_time" content="2021-02-28T12:06:17+00:00" />
<meta property="og:image" content="http://helenahenneken.com/wp-content/uploads/2020/12/2020_Helena-Henneken_by_Benjamin-Nadjib-scaled.jpg" />
<meta name="twitter:card" content="summary_large_image" />
<meta name="twitter:label1" content="Geschätzte Lesezeit" />
	<meta name="twitter:data1" content="3 Minuten" />
<script type="application/ld+json" class="yoast-schema-graph">{"@context":"https://schema.org","@graph":[{"@type":"WebSite","@id":"https://helenahenneken.com/#website","url":"https://helenahenneken.com/","name":"HELENA HENNEKEN","description":"","potentialAction":[{"@type":"SearchAction","target":{"@type":"EntryPoint","urlTemplate":"https://helenahenneken.com/?s={search_term_string}"},"query-input":"required name=search_term_string"}],"inLanguage":"de"},{"@type":"ImageObject","@id":"https://helenahenneken.com/?page_id=1069#primaryimage","inLanguage":"de","url":"http://helenahenneken.com/wp-content/uploads/2020/12/2020_Helena-Henneken_by_Benjamin-Nadjib-scaled.jpg","contentUrl":"http://helenahenneken.com/wp-content/uploads/2020/12/2020_Helena-Henneken_by_Benjamin-Nadjib-scaled.jpg"},{"@type":"WebPage","@id":"https://helenahenneken.com/?page_id=1069#webpage","url":"https://helenahenneken.com/?page_id=1069","name":"HELENA - HELENA HENNEKEN","isPartOf":{"@id":"https://helenahenneken.com/#website"},"primaryImageOfPage":{"@id":"https://helenahenneken.com/?page_id=1069#primaryimage"},"datePublished":"2014-10-05T19:53:51+00:00","dateModified":"2021-02-28T12:06:17+00:00","breadcrumb":{"@id":"https://helenahenneken.com/?page_id=1069#breadcrumb"},"inLanguage":"de","potentialAction":[{"@type":"ReadAction","target":["https://helenahenneken.com/?page_id=1069"]}]},{"@type":"BreadcrumbList","@id":"https://helenahenneken.com/?page_id=1069#breadcrumb","itemListElement":[{"@type":"ListItem","position":1,"name":"Startseite","item":"https://helenahenneken.com/"},{"@type":"ListItem","position":2,"name":"HELENA"}]}]}</script>
<!-- / Yoast SEO plugin. -->
